ndreds digit of 17872280?
2
What is the tens digit of 3619088?
8
What is the units digit of 794875?
5
What is the ten millions digit of 17045787?
1
What is the ten thousands digit of 393940?
9
What is the tens digit of 6668349?
4
What is the units digit of 2580338?
8
What is the thousands digit of 257276?
7
What is the units digit of 1416775?
5
What is the ten thousands digit of 72937?
7
What is the tens digit of 3812569?
6
What is the thousands digit of 5127107?
7
What is the thousands digit of 5663864?
3
What is the millions digit of 1843864?
1
What is the ten millions digit of 24620002?
2
What is the hundred thousands digit of 334433?
3
What is the millions digit of 19237870?
9
What is the units digit of 505573?
3
What is the millions digit of 2913639?
2
What is the hundred thousands digit of 215248?
2
What is the hundred thousands digit of 1167224?
1
What is the tens digit of 9601654?
5
What is the tens digit of 3480525?
2
What is the thousands digit of 201661?
1
What is the millions digit of 2812274?
2
What is the ten thousands digit of 8596713?
9
What is the hundreds digit of 3701770?
7
What is the hundreds digit of 6349965?
9
What is the millions digit of 2255092?
2
What is the thousands digit of 21571326?
1
What is the hundred thousands digit of 338907?
3
What is the thousands digit of 220870?
0
What is the thousands digit of 56549?
6
What is the hundred thousands digit of 739292?
7
What is the hundreds digit of 1052735?
7
What is the thousands digit of 23034408?
4
What is the tens digit of 2570474?
7
What is the millions digit of 25635863?
5
What is the hundreds digit of 346573?
5
What is the ten thousands digit of 24901?
2
What is the hundred thousands digit of 515845?
5
What is the tens digit of 229784?
8
What is the thousands digit of 3270593?
0
What is the ten thousands digit of 96684?
9
What is the hundreds digit of 764405?
4
What is the hundred thousands digit of 4912123?
9
What is the hundreds digit of 1893498?
4
What is the hundred thousands digit of 1093843?
0
What is the thousands digit of 142550?
2
What is the millions digit of 9532082?
9
What is the millions digit of 12965990?
2
What is the units digit of 666181?
1
What is the hundred thousands digit of 484465?
4
What is the hundred thousands digit of 153247?
1
What is the millions digit of 2558578?
2
What is the hundreds digit of 3595564?
5
What is the thousands digit of 979843?
9
What is the hundreds digit of 7951240?
2
What is the ten thousands digit of 31410?
3
What is the hundred thousands digit of 4526348?
5
What is the units digit of 222836?
6
What is the ten millions digit of 19124232?
1
What is the ten thousands digit of 791947?
9
What is the hundreds digit of 232897?
8
What is the hundreds digit of 311385?
3
What is the hundreds digit of 1715387?
3
What is the thousands digit of 1729549?
9
What is the hundred thousands digit of 285508?
2
What is the units digit of 222482?
2
What is the tens digit of 629743?
4
What is the hundred thousands digit of 1286619?
2
What is the units digit of 600700?
0
What is the hundred thousands digit of 1091355?
0
What is the units digit of 68910?
0
What is the hundred thousands digit of 405105?
4
What is the thousands digit of 9871920?
1
What is the tens digit of 293927?
2
What is the hundreds digit of 159217?
2
What is the tens digit of 4725199?
9
What is the units digit of 197279?
9
What is the tens digit of 141820?
2
What is the hundred thousands digit of 183280?
1
What is the units digit of 2438840?
0
What is the millions digit of 30326605?
0
What is the hundreds digit of 9560777?
7
What is the millions digit of 3665605?
3
What is the thousands digit of 22221?
2
What is the thousands digit of 8344034?
4
What is the hundreds digit of 621333?
3
What is the hundreds digit of 4151135?
1
What is the ten thousands digit of 222874?
2
What is the units digit of 2873970?
0
What is the tens digit of 750181?
8
What is the tens digit of 845015?
1
What is the thousands digit of 3503653?
3
What is the tens digit of 68646?
4
What is the thousands digit of 234665?
4
What is the tens digit of 43200?
0
What is the tens digit of 183791?
9
What is the tens digit of 122007?
0
What is the millions digit of 20924575?
0
What is the units digit of 189431?
1
What is the units digit of 941274?
4
What is the units digit of 2719898?
8
What is the thousands digit of 4568?
4
What is the hundreds digit of 9312257?
2
What is the tens digit of 89630?
3
What is the hundred thousands digit of 254822?
2
What is the thousands digit of 84376?
4
What is the tens digit of 485679?
7
What is the millions digit of 7651417?
7
What is the tens digit of 135041?
4
What is the ten thousands digit of 365185?
6
What is the hundred thousands digit of 203522?
2
What is the ten thousands digit of 667598?
6
What is the thousands digit of 3952299?
2
What is the ten thousands digit of 265202?
6
What is the ten thousands digit of 425746?
2
What is the tens digit of 5150134?
3
What is the tens digit of 310459?
5
What is the units digit of 32334060?
0
What is the hundred thousands digit of 1841427?
8
What is the thousands digit of 5619587?
9
What is the units digit of 5027558?
8
What is the ten thousands digit of 440729?
4
What is the units digit of 10807?
7
What is the thousands digit of 19329876?
9
What is the units digit of 157349?
9
What is the hundred thousands digit of 225970?
2
What is the hundreds digit of 23553269?
2
What is the tens digit of 805005?
0
What is the ten thousands digit of 2568659?
6
What is the thousands digit of 230438?
0
What is the millions digit of 3447586?
3
What is the units digit of 1448456?
6
What is the hundred thousands digit of 3967576?
9
What is the millions digit of 1441934?
1
What is the hundreds digit of 2215013?
0
What is the thousands digit of 6395187?
5
What is the ten thousands digit of 131258?
3
What is the millions digit of 5062179?
5
What is the hundreds digit of 269279?
2
What is the tens digit of 406352?
5
What is the ten millions digit of 11591690?
1
What is the units digit of 157731?
1
What is the thousands digit of 14455232?
5
What is the hundred thousands digit of 992806?
9
What is the thousands digit of 5251471?
1
What is the units digit of 36832?
2
What is the hundred thousands digit of 5240713?
2
What is the ten thousands digit of 2903516?
0
What is the thousands digit of 489398?
9
What is the thousands digit of 4964712?
4
What is the tens digit of 1415782?
8
What is the millions digit of 23077875?
3
What is the ten thousands digit of 392433?
9
What is the millions digit of 6834156?
6
What is the units digit of 34060754?
4
What is the ten thousands digit of 992291?
9
What is the thousands digit of 5415775?
5
What is the thousands digit of 11207280?
7
What is the hundreds digit of 26612?
6
What is the tens digit of 755942?
4
What is the thousands digit of 339332?
9
What is the thousands digit of 140975?
0
What is the hundreds digit of 525975?
9
What is the units digit of 10546?
6
What is the hundred thousands digit of 830983?
8
What is the millions digit of 15893614?
5
What is the tens digit of 959800?
0
What is the hundred thousands digit of 161126?
1
What is the thousands digit of 250625?
0
What is the hundreds digit of 296137?
1
What is the hundred thousands digit of 488506?
4
What is the ten thousands digit of 670592?
7
What is the ten thousands digit of 2578565?
7
What is the hundreds digit of 1031784?
7
What is the ten thousands digit of 1772761?
7
What is the hundreds digit of 12028533?
5
What is the tens digit of 4480550?
5
What is the tens digit of 314903?
0
What is the units digit of 1517384?
4
What is the hundreds digit of 34122191?
1
What is the thousands digit of 12064843?
4
What is the thousands digit of 997686?
7
What is the millions digit of 7241353?
7
What is the thousands digit of 6152023?
2
What is the ten thousands digit of 271977?
7
What is the tens digit of 7398534?
3
What is the hundreds digit of 200521?
5
What is the thousands digit of 116709?
6
What is the hundred thousands digit of 6055896?
0
What is the units digit of 1907089?
9
What is the units digit of 13119701?
1
What is the millions digit of 5088934?
5
What is the thousands digit of 1045226?
5
What is the tens digit of 100707?
0
What is the hundred